{"id":2632,"date":"2023-03-14T20:09:25","date_gmt":"2023-03-14T20:09:25","guid":{"rendered":"https:\/\/sominastock.com\/?post_type=product&#038;p=2632"},"modified":"2026-04-05T22:38:31","modified_gmt":"2026-04-05T22:38:31","slug":"cabeza-contra-angulo","status":"publish","type":"product","link":"https:\/\/sominastock.com\/index.php\/producto\/cabeza-contra-angulo\/","title":{"rendered":"Cabeza Contra Angulo Push Botton"},"content":{"rendered":"<p>Explora nuestra nueva gama de cabeza contra angulo dentales, Nuestros contrangulos, de la reconocida marca DTM, ofrecen una relaci\u00f3n de transmisi\u00f3n de 1:1, un di\u00e1metro de 2.30mm y un m\u00ednimo de revoluciones de 20,000 rpm. Adem\u00e1s, respaldamos la calidad de nuestros productos con una garant\u00eda de 3 meses. Conf\u00eda en DTM, una marca l\u00edder en el mercado, cuyos contrangulos son compatibles con la mayor\u00eda de las piezas de contra \u00e1ngulo. \u00a1Optimiza tus procedimientos dentales con herramientas confiables y de alto rendimiento! Vis\u00edtanos ahora mismo y descubre la diferencia.<\/p>\n<p>Cabeza contra angulo dentales: Relaci\u00f3n de transmisi\u00f3n 1:1, instrumento rotatorio de un di\u00e1metro de 2.30mm, M\u00ednimo de revoluciones 20.000 rpm<\/p>\n<p>Garantia 3 meses<\/p>\n<p>Obt\u00e9n m\u00e1s informaci\u00f3n de productos similares&#8230;<\/p>\n<p><a href=\"https:\/\/sominastock.com\/index.php\/categoria-producto\/favoritos-de-odontologos\/\">https:\/\/sominastock.com\/index.php\/categoria-producto\/favoritos-de-odontologos\/<\/a><\/p>\n","protected":false},"excerpt":{"rendered":"<p>Explora nuestra nueva gama de cabeza contra angulo dentales, Nuestros contrangulos, de la reconocida marca DTM, ofrecen una relaci\u00f3n de transmisi\u00f3n de 1:1, un di\u00e1metro de 2.30mm y un m\u00ednimo de revoluciones de 20,000 rpm. Adem\u00e1s, respaldamos la calidad de nuestros productos con una garant\u00eda de 3 meses. Conf\u00eda en DTM, una marca l\u00edder en [&hellip;]<\/p>\n","protected":false},"featured_media":2798,"comment_status":"open","ping_status":"closed","template":"","meta":[],"product_brand":[],"product_cat":[40,42],"product_tag":[],"class_list":{"0":"post-2632","1":"product","2":"type-product","3":"status-publish","4":"has-post-thumbnail","6":"product_cat-favoritos-de-odontologos","7":"product_cat-pieza-de-mano","9":"first","10":"instock","11":"taxable","12":"shipping-taxable","13":"purchasable","14":"product-type-simple"},"yoast_head":"<!-- This site is optimized with the Yoast SEO plugin v27.4 - https:\/\/yoast.com\/product\/yoast-seo-wordpress\/ -->\n<title>Cabeza Contra Angulo Push Botton - Repuestos Dentales Somina<\/title>\n<meta name=\"description\" content=\"\u00a1Optimiza tu equipo dental con la precisi\u00f3n y comodidad incomparables que ofrece la cabeza contra \u00e1ngulo Push Button de marca DTM!\" \/>\n<meta name=\"robots\" content=\"index, follow, max-snippet:-1, max-image-preview:large, max-video-preview:-1\" \/>\n<link rel=\"canonical\" href=\"https:\/\/sominastock.com\/index.php\/producto\/cabeza-contra-angulo\/\" \/>\n<meta property=\"og:locale\" content=\"es_ES\" \/>\n<meta property=\"og:type\" content=\"article\" \/>\n<meta property=\"og:title\" content=\"Cabeza Contra Angulo Push Botton - Repuestos Dentales Somina\" \/>\n<meta property=\"og:description\" content=\"\u00a1Optimiza tu equipo dental con la precisi\u00f3n y comodidad incomparables que ofrece la cabeza contra \u00e1ngulo Push Button de marca DTM!\" \/>\n<meta property=\"og:url\" content=\"https:\/\/sominastock.com\/index.php\/producto\/cabeza-contra-angulo\/\" \/>\n<meta property=\"og:site_name\" content=\"Repuestos Dentales Somina\" \/>\n<meta property=\"article:modified_time\" content=\"2026-04-05T22:38:31+00:00\" \/>\n<meta property=\"og:image\" content=\"http:\/\/sominastock.com\/wp-content\/uploads\/2023\/05\/Captura-de-pantalla-2023-05-14-202908.jpg\" \/>\n\t<meta property=\"og:image:width\" content=\"540\" \/>\n\t<meta property=\"og:image:height\" content=\"675\" \/>\n\t<meta property=\"og:image:type\" content=\"image\/jpeg\" \/>\n<meta name=\"twitter:card\" content=\"summary_large_image\" \/>\n<meta name=\"twitter:label1\" content=\"Tiempo de lectura\" \/>\n\t<meta name=\"twitter:data1\" content=\"1 minuto\" \/>\n<script type=\"application\/ld+json\" class=\"yoast-schema-graph\">{\"@context\":\"https:\\\/\\\/schema.org\",\"@graph\":[{\"@type\":\"WebPage\",\"@id\":\"https:\\\/\\\/sominastock.com\\\/index.php\\\/producto\\\/cabeza-contra-angulo\\\/\",\"url\":\"https:\\\/\\\/sominastock.com\\\/index.php\\\/producto\\\/cabeza-contra-angulo\\\/\",\"name\":\"Cabeza Contra Angulo Push Botton - Repuestos Dentales Somina\",\"isPartOf\":{\"@id\":\"https:\\\/\\\/sominastock.com\\\/#website\"},\"primaryImageOfPage\":{\"@id\":\"https:\\\/\\\/sominastock.com\\\/index.php\\\/producto\\\/cabeza-contra-angulo\\\/#primaryimage\"},\"image\":{\"@id\":\"https:\\\/\\\/sominastock.com\\\/index.php\\\/producto\\\/cabeza-contra-angulo\\\/#primaryimage\"},\"thumbnailUrl\":\"https:\\\/\\\/sominastock.com\\\/wp-content\\\/uploads\\\/2023\\\/05\\\/Captura-de-pantalla-2023-05-14-202908.jpg\",\"datePublished\":\"2023-03-14T20:09:25+00:00\",\"dateModified\":\"2026-04-05T22:38:31+00:00\",\"description\":\"\u00a1Optimiza tu equipo dental con la precisi\u00f3n y comodidad incomparables que ofrece la cabeza contra \u00e1ngulo Push Button de marca DTM!\",\"breadcrumb\":{\"@id\":\"https:\\\/\\\/sominastock.com\\\/index.php\\\/producto\\\/cabeza-contra-angulo\\\/#breadcrumb\"},\"inLanguage\":\"es\",\"potentialAction\":[{\"@type\":\"ReadAction\",\"target\":[\"https:\\\/\\\/sominastock.com\\\/index.php\\\/producto\\\/cabeza-contra-angulo\\\/\"]}]},{\"@type\":\"ImageObject\",\"inLanguage\":\"es\",\"@id\":\"https:\\\/\\\/sominastock.com\\\/index.php\\\/producto\\\/cabeza-contra-angulo\\\/#primaryimage\",\"url\":\"https:\\\/\\\/sominastock.com\\\/wp-content\\\/uploads\\\/2023\\\/05\\\/Captura-de-pantalla-2023-05-14-202908.jpg\",\"contentUrl\":\"https:\\\/\\\/sominastock.com\\\/wp-content\\\/uploads\\\/2023\\\/05\\\/Captura-de-pantalla-2023-05-14-202908.jpg\",\"width\":540,\"height\":675},{\"@type\":\"BreadcrumbList\",\"@id\":\"https:\\\/\\\/sominastock.com\\\/index.php\\\/producto\\\/cabeza-contra-angulo\\\/#breadcrumb\",\"itemListElement\":[{\"@type\":\"ListItem\",\"position\":1,\"name\":\"Portada\",\"item\":\"https:\\\/\\\/sominastock.com\\\/\"},{\"@type\":\"ListItem\",\"position\":2,\"name\":\"Tienda\",\"item\":\"https:\\\/\\\/sominastock.com\\\/index.php\\\/tienda\\\/\"},{\"@type\":\"ListItem\",\"position\":3,\"name\":\"Cabeza Contra Angulo Push Botton\"}]},{\"@type\":\"WebSite\",\"@id\":\"https:\\\/\\\/sominastock.com\\\/#website\",\"url\":\"https:\\\/\\\/sominastock.com\\\/\",\"name\":\"Repuestos Dentales Somina\",\"description\":\"Repuestos para unidades dentales\",\"publisher\":{\"@id\":\"https:\\\/\\\/sominastock.com\\\/#organization\"},\"potentialAction\":[{\"@type\":\"SearchAction\",\"target\":{\"@type\":\"EntryPoint\",\"urlTemplate\":\"https:\\\/\\\/sominastock.com\\\/?s={search_term_string}\"},\"query-input\":{\"@type\":\"PropertyValueSpecification\",\"valueRequired\":true,\"valueName\":\"search_term_string\"}}],\"inLanguage\":\"es\"},{\"@type\":\"Organization\",\"@id\":\"https:\\\/\\\/sominastock.com\\\/#organization\",\"name\":\"Repuestos Dentales Somina\",\"url\":\"https:\\\/\\\/sominastock.com\\\/\",\"logo\":{\"@type\":\"ImageObject\",\"inLanguage\":\"es\",\"@id\":\"https:\\\/\\\/sominastock.com\\\/#\\\/schema\\\/logo\\\/image\\\/\",\"url\":\"https:\\\/\\\/sominastock.com\\\/wp-content\\\/uploads\\\/2024\\\/10\\\/cropped-icono-Photoroom.png\",\"contentUrl\":\"https:\\\/\\\/sominastock.com\\\/wp-content\\\/uploads\\\/2024\\\/10\\\/cropped-icono-Photoroom.png\",\"width\":512,\"height\":512,\"caption\":\"Repuestos Dentales Somina\"},\"image\":{\"@id\":\"https:\\\/\\\/sominastock.com\\\/#\\\/schema\\\/logo\\\/image\\\/\"}}]}<\/script>\n<!-- \/ Yoast SEO plugin. -->","yoast_head_json":{"title":"Cabeza Contra Angulo Push Botton - Repuestos Dentales Somina","description":"\u00a1Optimiza tu equipo dental con la precisi\u00f3n y comodidad incomparables que ofrece la cabeza contra \u00e1ngulo Push Button de marca DTM!","robots":{"index":"index","follow":"follow","max-snippet":"max-snippet:-1","max-image-preview":"max-image-preview:large","max-video-preview":"max-video-preview:-1"},"canonical":"https:\/\/sominastock.com\/index.php\/producto\/cabeza-contra-angulo\/","og_locale":"es_ES","og_type":"article","og_title":"Cabeza Contra Angulo Push Botton - Repuestos Dentales Somina","og_description":"\u00a1Optimiza tu equipo dental con la precisi\u00f3n y comodidad incomparables que ofrece la cabeza contra \u00e1ngulo Push Button de marca DTM!","og_url":"https:\/\/sominastock.com\/index.php\/producto\/cabeza-contra-angulo\/","og_site_name":"Repuestos Dentales Somina","article_modified_time":"2026-04-05T22:38:31+00:00","og_image":[{"width":540,"height":675,"url":"http:\/\/sominastock.com\/wp-content\/uploads\/2023\/05\/Captura-de-pantalla-2023-05-14-202908.jpg","type":"image\/jpeg"}],"twitter_card":"summary_large_image","twitter_misc":{"Tiempo de lectura":"1 minuto"},"schema":{"@context":"https:\/\/schema.org","@graph":[{"@type":"WebPage","@id":"https:\/\/sominastock.com\/index.php\/producto\/cabeza-contra-angulo\/","url":"https:\/\/sominastock.com\/index.php\/producto\/cabeza-contra-angulo\/","name":"Cabeza Contra Angulo Push Botton - Repuestos Dentales Somina","isPartOf":{"@id":"https:\/\/sominastock.com\/#website"},"primaryImageOfPage":{"@id":"https:\/\/sominastock.com\/index.php\/producto\/cabeza-contra-angulo\/#primaryimage"},"image":{"@id":"https:\/\/sominastock.com\/index.php\/producto\/cabeza-contra-angulo\/#primaryimage"},"thumbnailUrl":"https:\/\/sominastock.com\/wp-content\/uploads\/2023\/05\/Captura-de-pantalla-2023-05-14-202908.jpg","datePublished":"2023-03-14T20:09:25+00:00","dateModified":"2026-04-05T22:38:31+00:00","description":"\u00a1Optimiza tu equipo dental con la precisi\u00f3n y comodidad incomparables que ofrece la cabeza contra \u00e1ngulo Push Button de marca DTM!","breadcrumb":{"@id":"https:\/\/sominastock.com\/index.php\/producto\/cabeza-contra-angulo\/#breadcrumb"},"inLanguage":"es","potentialAction":[{"@type":"ReadAction","target":["https:\/\/sominastock.com\/index.php\/producto\/cabeza-contra-angulo\/"]}]},{"@type":"ImageObject","inLanguage":"es","@id":"https:\/\/sominastock.com\/index.php\/producto\/cabeza-contra-angulo\/#primaryimage","url":"https:\/\/sominastock.com\/wp-content\/uploads\/2023\/05\/Captura-de-pantalla-2023-05-14-202908.jpg","contentUrl":"https:\/\/sominastock.com\/wp-content\/uploads\/2023\/05\/Captura-de-pantalla-2023-05-14-202908.jpg","width":540,"height":675},{"@type":"BreadcrumbList","@id":"https:\/\/sominastock.com\/index.php\/producto\/cabeza-contra-angulo\/#breadcrumb","itemListElement":[{"@type":"ListItem","position":1,"name":"Portada","item":"https:\/\/sominastock.com\/"},{"@type":"ListItem","position":2,"name":"Tienda","item":"https:\/\/sominastock.com\/index.php\/tienda\/"},{"@type":"ListItem","position":3,"name":"Cabeza Contra Angulo Push Botton"}]},{"@type":"WebSite","@id":"https:\/\/sominastock.com\/#website","url":"https:\/\/sominastock.com\/","name":"Repuestos Dentales Somina","description":"Repuestos para unidades dentales","publisher":{"@id":"https:\/\/sominastock.com\/#organization"},"potentialAction":[{"@type":"SearchAction","target":{"@type":"EntryPoint","urlTemplate":"https:\/\/sominastock.com\/?s={search_term_string}"},"query-input":{"@type":"PropertyValueSpecification","valueRequired":true,"valueName":"search_term_string"}}],"inLanguage":"es"},{"@type":"Organization","@id":"https:\/\/sominastock.com\/#organization","name":"Repuestos Dentales Somina","url":"https:\/\/sominastock.com\/","logo":{"@type":"ImageObject","inLanguage":"es","@id":"https:\/\/sominastock.com\/#\/schema\/logo\/image\/","url":"https:\/\/sominastock.com\/wp-content\/uploads\/2024\/10\/cropped-icono-Photoroom.png","contentUrl":"https:\/\/sominastock.com\/wp-content\/uploads\/2024\/10\/cropped-icono-Photoroom.png","width":512,"height":512,"caption":"Repuestos Dentales Somina"},"image":{"@id":"https:\/\/sominastock.com\/#\/schema\/logo\/image\/"}}]}},"_links":{"self":[{"href":"https:\/\/sominastock.com\/index.php\/wp-json\/wp\/v2\/product\/2632","targetHints":{"allow":["GET"]}}],"collection":[{"href":"https:\/\/sominastock.com\/index.php\/wp-json\/wp\/v2\/product"}],"about":[{"href":"https:\/\/sominastock.com\/index.php\/wp-json\/wp\/v2\/types\/product"}],"replies":[{"embeddable":true,"href":"https:\/\/sominastock.com\/index.php\/wp-json\/wp\/v2\/comments?post=2632"}],"wp:featuredmedia":[{"embeddable":true,"href":"https:\/\/sominastock.com\/index.php\/wp-json\/wp\/v2\/media\/2798"}],"wp:attachment":[{"href":"https:\/\/sominastock.com\/index.php\/wp-json\/wp\/v2\/media?parent=2632"}],"wp:term":[{"taxonomy":"product_brand","embeddable":true,"href":"https:\/\/sominastock.com\/index.php\/wp-json\/wp\/v2\/product_brand?post=2632"},{"taxonomy":"product_cat","embeddable":true,"href":"https:\/\/sominastock.com\/index.php\/wp-json\/wp\/v2\/product_cat?post=2632"},{"taxonomy":"product_tag","embeddable":true,"href":"https:\/\/sominastock.com\/index.php\/wp-json\/wp\/v2\/product_tag?post=2632"}],"curies":[{"name":"wp","href":"https:\/\/api.w.org\/{rel}","templated":true}]}}